t m = 1 - -4. Let t(h) = 11*h**2 - 12*h + 3. Let q(v) = -5*v**2 + 6*v - 2. Let z(i) = -9*q(i) - 4*t(i). Calculate z(m).
1
Let v(h) = -h**3 - 3*h**2 - 3*h - 4. Let q be 4/6 + 33/(-9). What is v(q)?
5
Let x(w) = w**2 - w + 1. Let t be (1 + 7/(-5))*-5. Determine x(t).
3
Suppose 4*u = 2*u. Let m(y) = 3 - 1 + y + u*y. Let b(i) = -i**3 + 6*i**2 - 5*i. Let c be b(5). Calculate m(c).
2
Let t(i) = -3*i - 1 + i + 0. What is t(-4)?
7
Let l = -14 - -19. Let u(i) = -4*i + 2. Give u(l).
-18
Let g(f) = -f**3 - 4*f**2 + 6*f + 4. Suppose -5 = -2*j + 3*j. Give g(j).
-1
Let c(f) = 2*f + 1. Suppose 0*s - 4*s - 4 = m, 3*s - 20 = 5*m. Suppose z + 2*z = s. Suppose -i - 4*a = -3*a - 4, z = i + 3*a - 10. Give c(i).
3
Let i(z) be the second derivative of 1/2*z**2 - 1/2*z**3 + 0 + 2*z. Let x(f) = -f - 9. Let p be x(-7). Determine i(p).
7
Let c = 7 - 5. Let w(g) = -4 + 4*g + 0*g - g - c*g. Suppose -d + 5*d = 0. Determine w(d).
-4
Let u(k) = k**3 + 3*k**2 - 3*k - 3. Let p(q) = -3*q + 3 + 0 - 2*q + q**2. Let l be p(3). Calculate u(l).
6
Let r(h) be the first derivative of h**4/4 - 2*h**3 - h**2/2 + h - 7. What is r(6)?
-5
Suppose k = 1 + 1. Suppose k*w - 5*u - 10 = -u, 0 = -5*w - u - 30. Let t(d) be the second derivative of -d**3/6 + d**2 - 6*d. What is t(w)?
7
Let q be (-24)/16 - (-3)/2. Let i(m) be the third derivative of -m**6/120 - m**5/60 + m**3 + m**2. What is i(q)?
6
Let k be 3 + (-2 - -1 - -2). Let m be k/8 - 6/(-4). Let d(s) = -s**3 + 3*s**2 + s + 1. Give d(m).
7
Let o(m) = m**3 - m**2 - m - 9. Let a(u) = -u**2 - 6*u + 6. Let j be a(-7). Let g be 3/1 + 4/(-2). Let l = g + j. What is o(l)?
-9
Let t(o) = 5*o**3 - o**2 - o + 1. Let w be t(1). Suppose -6*h + 4 = -w*h. Let y(a) = 2*a + 0 - a**3 - a**h - a + 1. Calculate y(-1).
0
Let l(k) be the first derivative of 4 - 4*k - 1/2*k**2. Calculate l(-5).
1
Let r(s) be the first derivative of -s**4/4 + 4*s**3/3 + 4*s + 3. Calculate r(4).
4
Let q(n) = 2*n**2 + 2*n - 1. Let z(j) = j**3 + j**2 + 5. Suppose b - 5 = 2*x + 3, b + 4 = -x. Let s be z(b). Suppose t - s*t = 12. Give q(t).
11
Let o(x) = -x + 4. Let j(f) = -f**2 - 2*f + 9. Let b be j(4). Let h be (1/3)/(1/b). What is o(h)?
9
Let g = 10 + -8. Let k(h) be the first derivative of 5/2*h**g - 2 - 4*h. Give k(3).
11
Let n be -1*1 - 5/(-1). Let a(d) = d + 1 - n*d - 2. Suppose -2*c - 1 = -c. Calculate a(c).
2
Let q(h) = -h**2 + 7*h + 5. Suppose 4*m = -0*m + 28. Give q(m).
5
Let m(d) = 3*d - 3. Let n = 5 + -8. Let t = 8 + n. Calculate m(t).
12
Let o = 2 + 4. Let v(s) = s + o + s - 2 + 2. Let g = -9 - -5. What is v(g)?
-2
Let t(i) be the second derivative of -i**5/20 - i**4/3 - i**3/3 + i**2 - 6*i. Suppose 0 = -2*c - 4. Give t(c).
-2
Suppose 0 = -g - 2*g. Let l(o) be the first derivative of 3 + 3/2*o**2 + g*o. What is l(1)?
3
Let t(a) = -a**2 - 3*a + 3. Let i(w) = w**2 + 3*w - 4. Let y(r) = -3*i(r) - 4*t(r). Determine y(-5).
10
Let c(b) = b**2 - b**2 + 2*b + 1 + b**2. Let m = -2 + 1. Calculate c(m).
0
Let x(q) = -q - 9. Let a be x(0). Let m be 3/(-2)*(-24)/a. Let b(g) = g**3 + 5*g**2 + 3*g - 2. What is b(m)?
2
Let z(c) = -24*c - 1 - c**2 + 25*c + 0*c**2. Give z(1).
-1
Let c(a) = -2*a**2 + 2*a - 2 + 2 - a. Suppose 3*l + 5 = 11. Determine c(l).
-6
Suppose -2*i - 61 + 67 = 0. Let o(a) = 5*a. Calculate o(i).
15
Let c(o) be the second derivative of 4/3*o**3 + 0*o**2 + 0 + 3*o. What is c(1)?
8
Let u(o) = o**2 + 5*o - 3. Let a be -2 + -3 + (1 - 1). What is u(a)?
-3
Let d(f) = f - 11. Suppose 5*h - y - 32 = -0*h, -3*h + 5*y = -6. Let z be d(h). Let c(i) be the first derivative of -i**3/3 - 2*i**2 - 6*i - 2. Determine c(z).
-6
Let d = 4 - 9. Let s(i) = 3*i + 5. Let w(y) = -10*y - 14. Let n(m) = 7*s(m) + 2*w(m). Determine n(d).
2
Let r(u) = 56 + 3*u + 59 - 113. Let g be (-1)/2 + 10/4. What is r(g)?
8
Let u(j) be the first derivative of j**5/12 - j**4/24 + 2*j**3/3 - 1. Let t(k) be the third derivative of u(k). Determine t(-1).
-11
Let p be (-26)/6 + 2/6. Let l be (p/5)/(3/15). Let c(h) = h - 1. Give c(l).
-5
Let d(n) = 518*n**3 + 8 - 517*n**3 + 14*n**2 + 10 + 15*n. Determine d(-13).
-8
Let x(f) = -4*f. Suppose 5 - 3 = -2*a. What is x(a)?
4
Suppose 2*k = -0 - 4. Let p(i) be the first derivative of i + 1/3*i**3 + 1 + 3/2*i**2. What is p(k)?
-1
Suppose 0 = -2*r + 3 + 35. Let p = r - 13. Let a(t) = t**2 - 7*t - 8. Give a(p).
-14
Let u(n) = n**2 - 3*n + 6. Let p(a) = -2*a**2 + 6*a - 13. Let v(y) = -2*p(y) - 5*u(y). Determine v(5).
-14
Let j(a) = 3*a**3 + a. Let t be j(1). Let z = 9 - t. Let x(f) = -f**3 + 6*f**2 - 6*f. What is x(z)?
-5
Suppose 2*u - 37 = 5*t, 0 = -u + 5*u + t - 19. Let m(o) = u - 5*o + 0*o - 5 - o. Give m(-1).
7
Let m(k) = 13*k**2 - 31*k + 22. Let c(g) = 4*g**2 - 10*g + 7. Let s(h) = 7*c(h) - 2*m(h). What is s(5)?
15
Let t be (0 + 1/1)*-3. Suppose 0*z = -z. Let q(b) = -4*b - 2 - b**2 + z*b**2 - 5 + 5. Calculate q(t).
1
Suppose -12*b = -4*b + 8. Let w(z) be the third derivative of -7/24*z**4 + 0*z + 0 - 1/6*z**3 + z**2. Give w(b).
6
Let m(q) = q**3 - 1. Suppose -6*z = 12 - 24. Give m(z).
7
Suppose w = 5*w. Let m be w/(-1 + (-2)/2). Let z(k) = k**2 + 8. What is z(m)?
8
Let u = 20 + -15. Let r(c) = -c + 7. Calculate r(u).
2
Let r(b) = -b**2 - b + 4*b - 20 + b + 14. Let h(l) be the second derivative of l**5/20 + 5*l**4/12 - 7*l**3/6 - l**2 + 2*l. Let k be h(-6). Determine r(k).
-6
Let v = -2 - -2. Let j(c) = -1 + 3 - 1 + c + v. Let w(o) = 8*o + 7. Let n(p) = 6*j(p) - w(p). Calculate n(-3).
5
Let j(d) = 3*d - d - 4*d + 5*d - 6. Suppose 4*i = 19 + 5. Calculate j(i).
12
Let r(p) = -2*p**2 - 7*p - 1. Let g(a) = -a**2 - 4*a - 1. Let q(m) = -5*g(m) + 3*r(m). Let b = -80 + 80. What is q(b)?
2
Let i(m) = 2*m**2 + 2. Let g(r) = 6*r**2 + 5. Let a(z) = 3*g(z) - 8*i(z). Give a(-1).
1
Suppose -r + 5 = 1. Suppose 2*l - r = a, l + a - 1 = 2*a. Let p = l - -1. Let b(o) = -o**3 + 5*o**2 - 5*o. Give b(p).
-4
Let l(h) = -h**3 - h**2 + 2*h + 3. Let f be l(-2). Let v(o) = -f + 0 + 4*o + 0*o - 5*o. Give v(-4).
1
Let t(i) be the second derivative of i**5/20 - i**2/2 + 11*i. Calculate t(-1).
-2
Let z(f) = -7*f**3 + f**2. Let y(k) = -1 - 4*k**3 + 3*k**3 + 2*k + k**2 - k + 0*k. Let d(s) = y(s) - z(s). Determine d(1).
6
Let z(k) = 4*k - 2*k + 3 - k + 1. Suppose -3*r - 24 = 5*m, -4*m - 33 = 4*r - 9. Calculate z(r).
1
Let w(i) be the second derivative of -i**4/12 - 3*i**3/2 + 7*i**2/2 + 9*i + 1. What is w(-10)?
-3
Let g(m) = 4*m**2 - 2*m + 1. Let a(d) = -17*d**2 + 9*d - 5. Let c(w) = 2*a(w) + 9*g(w). Determine c(-2).
7
Suppose 3*q = -0*q + 33. Suppose -1 - q = -4*o. Let w(u) = -u - o*u + 2*u - 1 + u**2. Determine w(4).
7
Suppose 0 = 5*n - 0*s - s + 1, -4*s = 16. Let d(k) = k**3 + k**2 - 1. Calculate d(n).
-1
Let f(x) = -x**3 - 4*x**2 + 4*x - 6. Suppose 13*u + 35 + 30 = 0. Determine f(u).
-1
Let m(z) = z**3 + 8*z**2 - 11*z + 7. Let c = 34 - 43. Give m(c).
25
Let o(u) = 0*u**2 + 2 + 6*u**2 - u**3 - 4*u**2 - 5 + 3*u. What is o(2)?
3
Let p(s) be the first derivative of s**4/4 - s**3/3 - s**2 - 4. Let v = 6 - 10. Let w be v + -1 + 1 - -2. Calculate p(w).
-8
Let l(h) = 5*h**2 - 4*h**2 + h - 2*h**2 - 1. Let w = 3 + -7. Let f = w - -6. What is l(f)?
-3
Let l(i) = 2*i**3 - 3*i**2 - 7*i + 5. Let k(h) = -3*h**3 + 2*h**2 + 8*h - 6. Let j(y) = -3*k(y) - 4*l(y). Calculate j(-5).
3
Let c = -1/4 + 1/2. Let s(m) be the first derivative of 3/2*m**2 + 4 - 5/3*m**3 - m + c*m**4. Give s(4).
-5
Let h(l) be the second derivative of l**5/20 - l**4/2 + 5*l**3/6 - 5*l**2/2 - 11*l. Let u = 1 - 0. Let q be u/(-2)*(0 + -10). Determine h(q).
-5
Let y(q) = -8*q. Suppose 4*i - 5*i + 4 = 0. Let d(t) = -7*t. Let g(f) = i*d(f) - 5*y(f). Let c(m) = m**3 + 4*m**2 + 2*m - 2. Let p be c(-3). Determine g(p).
12
Let k(s) = s**3 - 4*s**2 - 5*s + 4. Let i = 148 + -144. What is k(i)?
-16
Let d = 157 + -155. Let n(g) = 2*g - 1. Determine n(d).
3
Let k(o) = o + 1. Let l(q) = 6*q + 8. Let s(r) = 5*k(r) - l(r). Suppose -2*c - 2*c = 32. Let f = -5 - c. Give s(f).
-6
Let v(h) = 0*h**2 - 9 + h**3 - h**2 + 2*h**2 + 0*h**2. Calculate v(0).
-9
Let r(f) be the third derivative of -1/60*f**5 - 1/6*f**4 + 1/360*f**6 + 0*f - 3*f**2 + 0 + 1/2*f**3. Let l(y) be the first derivative of r(y). What is l(3)?
-1
Suppose -8*t + 7*t - 2 = 0. Let y(i) be the first derivative of -i**3/3 + i - 1. What is y(t)?
-3
Let v(l) = -l + 2. Let t be (-40)/(-30) + (-2)/(-3). Suppose